{"id":71,"date":"2014-05-29T16:57:20","date_gmt":"2014-05-29T14:57:20","guid":{"rendered":"http:\/\/www.kindergarten-lenauweg.de\/?page_id=71"},"modified":"2023-07-19T08:04:39","modified_gmt":"2023-07-19T06:04:39","slug":"integration","status":"publish","type":"page","link":"https:\/\/www.kindergarten-lenauweg.de\/?page_id=71","title":{"rendered":"Wussten Sie schon, dass &#8230;"},"content":{"rendered":"\n<p>&#8230; wir sehr sch\u00f6ne und gro\u00dfe Gruppenr\u00e4ume haben?<\/p>\n\n\n\n<p>&#8230; unser Kindergarten \u00fcber qualifiziertes Personal verf\u00fcgt und einen ausgezeichneten Personalschl\u00fcssel hat?<\/p>\n\n\n\n<p>&#8230; wir Einzelintegration anbieten?<\/p>\n\n\n\n<p>&#8230; wir t\u00e4glich in den Garten gehen oder auch Spazierg\u00e4nge machen und Spielpl\u00e4tze besuchen?<\/p>\n\n\n\n<p>&#8230; unser Mittagessen vom Kindergarten-Caterer &#8222;Kochm\u00fctze mit Herz&#8220; aus Ansbach geliefert wird. Wir bieten ein regionales und saisonales Mittagessen f\u00fcr 2,80 \u20ac an?<\/p>\n\n\n\n<p>&#8230; wir Waldtage im Kindergartenjahr durchf\u00fchren?<\/p>\n\n\n\n<p>&#8230; wir regelm\u00e4\u00dfig Beobachtungen durchf\u00fchren, diese dokumentieren und Elterngespr\u00e4che halten?<\/p>\n\n\n\n<p>&#8230; wir eine Kooperation mit dem TsV haben und bei uns Sportangebote durchgef\u00fchrt werden?<\/p>\n\n\n\n<p>&#8230; wir ehrenamltiche Mitwirkende haben, die unsere Einrichtung sehr bereichern?<\/p>\n\n\n\n<p>&#8230; wir einen F\u00f6rderverein haben, der ein bis zwei Basare im Jahr anbietet?<\/p>\n\n\n\n<p>&#8230; zu uns am Dienstagnachmittag die Musikschule kommt und die Kinder musikalische Fr\u00fchf\u00f6rderung erfahren k\u00f6nnen?<\/p>\n\n\n\n<p>&#8230; wir ein Haus der kleinen Forscher sind?<\/p>\n\n\n\n<p><\/p>\n\n\n\n<p><\/p>\n","protected":false},"excerpt":{"rendered":"<p>&#8230; wir sehr sch\u00f6ne und gro\u00dfe Gruppenr\u00e4ume haben? &#8230; unser Kindergarten \u00fcber qualifiziertes Personal verf\u00fcgt und einen ausgezeichneten Personalschl\u00fcssel hat? &#8230; wir Einzelintegration anbieten? &#8230; wir t\u00e4glich in den Garten gehen oder auch Spazierg\u00e4nge machen und Spielpl\u00e4tze besuchen? &#8230; unser Mittagessen vom Kindergarten-Caterer &#8222;Kochm\u00fctze mit Herz&#8220; aus Ansbach geliefert wird. Wir bieten ein regionales und &hellip; <a href=\"https:\/\/www.kindergarten-lenauweg.de\/?page_id=71\" class=\"more-link\"><span class=\"screen-reader-text\">Wussten Sie schon, dass &#8230;<\/span> weiterlesen <span class=\"meta-nav\">&rarr;<\/span><\/a><\/p>\n","protected":false},"author":1,"featured_media":0,"parent":24,"menu_order":7,"comment_status":"closed","ping_status":"open","template":"","meta":{"footnotes":""},"class_list":["post-71","page","type-page","status-publish","hentry"],"_links":{"self":[{"href":"https:\/\/www.kindergarten-lenauweg.de\/index.php?rest_route=\/wp\/v2\/pages\/71","targetHints":{"allow":["GET"]}}],"collection":[{"href":"https:\/\/www.kindergarten-lenauweg.de\/index.php?rest_route=\/wp\/v2\/pages"}],"about":[{"href":"https:\/\/www.kindergarten-lenauweg.de\/index.php?rest_route=\/wp\/v2\/types\/page"}],"author":[{"embeddable":true,"href":"https:\/\/www.kindergarten-lenauweg.de\/index.php?rest_route=\/wp\/v2\/users\/1"}],"replies":[{"embeddable":true,"href":"https:\/\/www.kindergarten-lenauweg.de\/index.php?rest_route=%2Fwp%2Fv2%2Fcomments&post=71"}],"version-history":[{"count":12,"href":"https:\/\/www.kindergarten-lenauweg.de\/index.php?rest_route=\/wp\/v2\/pages\/71\/revisions"}],"predecessor-version":[{"id":1402,"href":"https:\/\/www.kindergarten-lenauweg.de\/index.php?rest_route=\/wp\/v2\/pages\/71\/revisions\/1402"}],"up":[{"embeddable":true,"href":"https:\/\/www.kindergarten-lenauweg.de\/index.php?rest_route=\/wp\/v2\/pages\/24"}],"wp:attachment":[{"href":"https:\/\/www.kindergarten-lenauweg.de\/index.php?rest_route=%2Fwp%2Fv2%2Fmedia&parent=71"}],"curies":[{"name":"wp","href":"https:\/\/api.w.org\/{rel}","templated":true}]}}