{"id":63,"date":"2014-05-29T16:56:10","date_gmt":"2014-05-29T14:56:10","guid":{"rendered":"http:\/\/www.kindergarten-lenauweg.de\/?page_id=63"},"modified":"2016-03-02T11:49:12","modified_gmt":"2016-03-02T09:49:12","slug":"jahreskreis","status":"publish","type":"page","link":"https:\/\/www.kindergarten-lenauweg.de\/?page_id=63","title":{"rendered":"Jahreskreis"},"content":{"rendered":"<p>Das neue Kindergartenjahr beginnt im September mit den neuen Kindern. Die Eingew\u00f6hnung und Gruppenfindung nimmt einen gro\u00dfen Teil ein.<br \/>\nW\u00e4hrend des gesamten Jahres richten sich die Themen f\u00fcr die Kinder nach den Jahreszeiten und den jeweiligen Festen des kirchlichen Jahreskreises. Es beginnt mit Erntedank. Der Laternenumzug und Weihnachten folgen. Fasching, Ostern, Mutter-\/ Vatertag und am Ende des Jahres ein gr\u00f6\u00dferes Fest oder Wandertag sowie verschiedene Abschiedsveranstaltungen f\u00fcr die Vorschulkinder sind weitere H\u00f6hepunkte im Jahr.<br \/>\nDie Intensit\u00e4t und Inhalte richten sich nach den Bed\u00fcrfnissen und W\u00fcnschen der Kinder. Wir nutzen auch Kinderkonferenzen, um mit den Kindern Inhalte und weitere Themen festzulegen.<img loading=\"lazy\" decoding=\"async\" class=\"aligncenter\" src=\"http:\/\/www.kirchliche-medien.ch\/wp-content\/uploads\/2013\/10\/Kirchenjahr.jpg\" alt=\"http:\/\/www.kirchliche-medien.ch\/wp-content\/uploads\/2013\/10\/Kirchenjahr.jpg\" width=\"159\" height=\"160\" \/><\/p>\n","protected":false},"excerpt":{"rendered":"<p>Das neue Kindergartenjahr beginnt im September mit den neuen Kindern. Die Eingew\u00f6hnung und Gruppenfindung nimmt einen gro\u00dfen Teil ein. W\u00e4hrend des gesamten Jahres richten sich die Themen f\u00fcr die Kinder nach den Jahreszeiten und den jeweiligen Festen des kirchlichen Jahreskreises. Es beginnt mit Erntedank. Der Laternenumzug und Weihnachten folgen. Fasching, Ostern, Mutter-\/ Vatertag und am &hellip; <a href=\"https:\/\/www.kindergarten-lenauweg.de\/?page_id=63\" class=\"more-link\"><span class=\"screen-reader-text\">Jahreskreis<\/span> weiterlesen <span class=\"meta-nav\">&rarr;<\/span><\/a><\/p>\n","protected":false},"author":1,"featured_media":0,"parent":24,"menu_order":3,"comment_status":"closed","ping_status":"open","template":"","meta":{"footnotes":""},"class_list":["post-63","page","type-page","status-publish","hentry"],"_links":{"self":[{"href":"https:\/\/www.kindergarten-lenauweg.de\/index.php?rest_route=\/wp\/v2\/pages\/63","targetHints":{"allow":["GET"]}}],"collection":[{"href":"https:\/\/www.kindergarten-lenauweg.de\/index.php?rest_route=\/wp\/v2\/pages"}],"about":[{"href":"https:\/\/www.kindergarten-lenauweg.de\/index.php?rest_route=\/wp\/v2\/types\/page"}],"author":[{"embeddable":true,"href":"https:\/\/www.kindergarten-lenauweg.de\/index.php?rest_route=\/wp\/v2\/users\/1"}],"replies":[{"embeddable":true,"href":"https:\/\/www.kindergarten-lenauweg.de\/index.php?rest_route=%2Fwp%2Fv2%2Fcomments&post=63"}],"version-history":[{"count":5,"href":"https:\/\/www.kindergarten-lenauweg.de\/index.php?rest_route=\/wp\/v2\/pages\/63\/revisions"}],"predecessor-version":[{"id":405,"href":"https:\/\/www.kindergarten-lenauweg.de\/index.php?rest_route=\/wp\/v2\/pages\/63\/revisions\/405"}],"up":[{"embeddable":true,"href":"https:\/\/www.kindergarten-lenauweg.de\/index.php?rest_route=\/wp\/v2\/pages\/24"}],"wp:attachment":[{"href":"https:\/\/www.kindergarten-lenauweg.de\/index.php?rest_route=%2Fwp%2Fv2%2Fmedia&parent=63"}],"curies":[{"name":"wp","href":"https:\/\/api.w.org\/{rel}","templated":true}]}}