{"id":53,"date":"2014-05-29T16:54:28","date_gmt":"2014-05-29T14:54:28","guid":{"rendered":"http:\/\/www.kindergarten-lenauweg.de\/?page_id=53"},"modified":"2024-04-25T14:40:56","modified_gmt":"2024-04-25T12:40:56","slug":"oeffnungszeiten","status":"publish","type":"page","link":"https:\/\/www.kindergarten-lenauweg.de\/?page_id=53","title":{"rendered":"Beitr\u00e4ge und \u00d6ffnungszeiten"},"content":{"rendered":"<h3>Buchungszeiten und Beitr\u00e4ge<\/h3>\n<p>Die Buchungszeit umfasst eine t\u00e4gliche Kernzeit von 4 Stunden (8:30 Urh bis 12:30 Uhr). Danach k\u00f6nnen Sie unterschiedliche, t\u00e4gliche Buchungszeiten angeben. Ein t\u00e4glicher Durchschnittswert legt den Monatsbeitrag fest. Die Bring- und Abholzeiten m\u00fcssen zus\u00e4tzlich zur Kernzeit gebucht werden.<\/p>\n<p><a href=\"https:\/\/www.kindergarten-lenauweg.de\/wp-content\/uploads\/2023\/07\/Beitragstabelle_01.09.23-kurz.pdf\">Beitragstabelle_01.09.23 <\/a><\/p>\n<h3>Unsere \u00d6ffnungszeiten<\/h3>\n<p style=\"text-align: left;\">Montag bis Donnerstag\u00a0 \u00a0 \u00a0 \u00a0 \u00a0 \u00a0\u00a0 \u00a0 7:00 Uhr bis 16:30 Uhr<br \/>Freitag\u00a0 \u00a0\u00a0\u00a0\u00a0\u00a0\u00a0\u00a0\u00a0\u00a0\u00a0\u00a0\u00a0\u00a0\u00a0\u00a0\u00a0\u00a0\u00a0\u00a0\u00a0\u00a0\u00a0 \u00a0 \u00a0 \u00a0 \u00a0 \u00a0 \u00a0 \u00a0 \u00a0 \u00a0\u00a0 \u00a0\u00a0\u00a0 7:00 Uhr bis 14:00 Uhr<br \/>\u00a0\u00a0\u00a0\u00a0\u00a0\u00a0\u00a0\u00a0\u00a0\u00a0\u00a0\u00a0\u00a0\u00a0\u00a0\u00a0\u00a0\u00a0\u00a0\u00a0\u00a0\u00a0\u00a0\u00a0\u00a0\u00a0\u00a0\u00a0\u00a0\u00a0\u00a0\u00a0\u00a0\u00a0\u00a0\u00a0\u00a0\u00a0\u00a0\u00a0\u00a0\u00a0\u00a0\u00a0\u00a0\u00a0\u00a0\u00a0\u00a0\u00a0\u00a0\u00a0\u00a0\u00a0\u00a0\u00a0\u00a0\u00a0\u00a0 \u00a0\u00a0 bei Berufst\u00e4tigkeit beider Eltern bis 15:00 Uhr<\/p>\n<p><strong>Bring- und Abholzeiten:<br \/><\/strong>Montag &#8211; Freitag<br \/>Bringzeit: \u00a0 \u00a0 \u00a0 \u00a0 \u00a0 \u00a0\u00a0 \u00a0\u00a0\u00a0\u00a0\u00a0 \u00a0\u00a0 \u00a0 \u00a0 \u00a0 7:00 bis 8:25 Uhr ( 8:30 Uhr ist der Kindergarten geschlossen)<br \/>1. Abholzeit:\u00a0\u00a0\u00a0\u00a0\u00a0\u00a0\u00a0\u00a0 \u00a0 \u00a0\u00a0 \u00a0\u00a0\u00a0\u00a0\u00a0\u00a0\u00a0\u00a0 12:30 bis 12:45 Uhr<br \/>2. Abholzeit:\u00a0\u00a0\u00a0\u00a0\u00a0\u00a0\u00a0\u00a0\u00a0\u00a0 \u00a0 \u00a0\u00a0 \u00a0\u00a0\u00a0\u00a0\u00a0\u00a0 13:30 bis 16:30 Uhr <br \/>\u00a0\u00a0\u00a0\u00a0\u00a0\u00a0\u00a0\u00a0\u00a0\u00a0\u00a0\u00a0\u00a0\u00a0\u00a0\u00a0\u00a0\u00a0\u00a0\u00a0\u00a0\u00a0\u00a0\u00a0\u00a0\u00a0\u00a0\u00a0\u00a0\u00a0\u00a0\u00a0\u00a0\u00a0\u00a0\u00a0\u00a0\u00a0\u00a0\u00a0\u00a0\u00a0\u00a0\u00a0 \u00a0 \u00a0 bzw. 15:00 Uhr am Freitag<\/p>\n<h3>Unsere Ferien- und Schlie\u00dfzeiten<\/h3>\n<p>Wir haben ca. zwei Wochen Weihnachtsferien und vier Wochen Sommerferien. W\u00e4hrend den Sommerferien besteht die M\u00f6glichkeit die Kinder im Ferienkindergarten der Stadt Ansbach, angeboten vom Jugendamt, unterzubringen.<\/p>\n<p>Unser Kindergarten hat im Jahr ca. 27 &#8211; 30 Schlie\u00dftage.<\/p>\n\n\n<p><\/p>\n","protected":false},"excerpt":{"rendered":"<p>Buchungszeiten und Beitr\u00e4ge Die Buchungszeit umfasst eine t\u00e4gliche Kernzeit von 4 Stunden (8:30 Urh bis 12:30 Uhr). Danach k\u00f6nnen Sie unterschiedliche, t\u00e4gliche Buchungszeiten angeben. Ein t\u00e4glicher Durchschnittswert legt den Monatsbeitrag fest. Die Bring- und Abholzeiten m\u00fcssen zus\u00e4tzlich zur Kernzeit gebucht werden. Beitragstabelle_01.09.23 Unsere \u00d6ffnungszeiten Montag bis Donnerstag\u00a0 \u00a0 \u00a0 \u00a0 \u00a0 \u00a0\u00a0 \u00a0 7:00 Uhr &hellip; <a href=\"https:\/\/www.kindergarten-lenauweg.de\/?page_id=53\" class=\"more-link\"><span class=\"screen-reader-text\">Beitr\u00e4ge und \u00d6ffnungszeiten<\/span> weiterlesen <span class=\"meta-nav\">&rarr;<\/span><\/a><\/p>\n","protected":false},"author":1,"featured_media":0,"parent":22,"menu_order":6,"comment_status":"closed","ping_status":"open","template":"","meta":{"footnotes":""},"class_list":["post-53","page","type-page","status-publish","hentry"],"_links":{"self":[{"href":"https:\/\/www.kindergarten-lenauweg.de\/index.php?rest_route=\/wp\/v2\/pages\/53","targetHints":{"allow":["GET"]}}],"collection":[{"href":"https:\/\/www.kindergarten-lenauweg.de\/index.php?rest_route=\/wp\/v2\/pages"}],"about":[{"href":"https:\/\/www.kindergarten-lenauweg.de\/index.php?rest_route=\/wp\/v2\/types\/page"}],"author":[{"embeddable":true,"href":"https:\/\/www.kindergarten-lenauweg.de\/index.php?rest_route=\/wp\/v2\/users\/1"}],"replies":[{"embeddable":true,"href":"https:\/\/www.kindergarten-lenauweg.de\/index.php?rest_route=%2Fwp%2Fv2%2Fcomments&post=53"}],"version-history":[{"count":16,"href":"https:\/\/www.kindergarten-lenauweg.de\/index.php?rest_route=\/wp\/v2\/pages\/53\/revisions"}],"predecessor-version":[{"id":1448,"href":"https:\/\/www.kindergarten-lenauweg.de\/index.php?rest_route=\/wp\/v2\/pages\/53\/revisions\/1448"}],"up":[{"embeddable":true,"href":"https:\/\/www.kindergarten-lenauweg.de\/index.php?rest_route=\/wp\/v2\/pages\/22"}],"wp:attachment":[{"href":"https:\/\/www.kindergarten-lenauweg.de\/index.php?rest_route=%2Fwp%2Fv2%2Fmedia&parent=53"}],"curies":[{"name":"wp","href":"https:\/\/api.w.org\/{rel}","templated":true}]}}

Beiträge und Öffnungszeiten

<h3>Buchungszeiten und Beiträge</h3>
<p>Die Buchungszeit umfasst eine tägliche Kernzeit von 4 Stunden (8:30 Urh bis 12:30 Uhr). Danach können Sie unterschiedliche, tägliche Buchungszeiten angeben. Ein täglicher Durchschnittswert legt den Monatsbeitrag fest. Die Bring- und Abholzeiten müssen zusätzlich zur Kernzeit gebucht werden.</p>
<p><a href="https://www.kindergarten-lenauweg.de/wp-content/uploads/2023/07/Beitragstabelle_01.09.23-kurz.pdf">Beitragstabelle_01.09.23 </a></p>
<h3>Unsere Öffnungszeiten</h3>
<p style="text-align: left;">Montag bis Donnerstag               7:00 Uhr bis 16:30 Uhr<br />Freitag                                                7:00 Uhr bis 14:00 Uhr<br />                                                               bei Berufstätigkeit beider Eltern bis 15:00 Uhr</p>
<p><strong>Bring- und Abholzeiten:<br /></strong>Montag &#8211; Freitag<br />Bringzeit:                             7:00 bis 8:25 Uhr ( 8:30 Uhr ist der Kindergarten geschlossen)<br />1. Abholzeit:                       12:30 bis 12:45 Uhr<br />2. Abholzeit:                       13:30 bis 16:30 Uhr <br />                                                 bzw. 15:00 Uhr am Freitag</p>
<h3>Unsere Ferien- und Schließzeiten</h3>
<p>Wir haben ca. zwei Wochen Weihnachtsferien und vier Wochen Sommerferien. Während den Sommerferien besteht die Möglichkeit die Kinder im Ferienkindergarten der Stadt Ansbach, angeboten vom Jugendamt, unterzubringen.</p>
<p>Unser Kindergarten hat im Jahr ca. 27 &#8211; 30 Schließtage.</p>


<p></p>

<p>Buchungszeiten und Beiträge Die Buchungszeit umfasst eine tägliche Kernzeit von 4 Stunden (8:30 Urh bis 12:30 Uhr). Danach können Sie unterschiedliche, tägliche Buchungszeiten angeben. Ein täglicher Durchschnittswert legt den Monatsbeitrag fest. Die Bring- und Abholzeiten müssen zusätzlich zur Kernzeit gebucht werden. Beitragstabelle_01.09.23 Unsere Öffnungszeiten Montag bis Donnerstag               7:00 Uhr &hellip; <a href="https://www.kindergarten-lenauweg.de/?page_id=53" class="more-link"><span class="screen-reader-text">Beiträge und Öffnungszeiten</span> weiterlesen <span class="meta-nav">&rarr;</span></a></p>
