{"id":47,"date":"2014-05-29T16:53:50","date_gmt":"2014-05-29T14:53:50","guid":{"rendered":"http:\/\/www.kindergarten-lenauweg.de\/?page_id=47"},"modified":"2022-09-15T11:21:31","modified_gmt":"2022-09-15T09:21:31","slug":"raeumlichkeiten","status":"publish","type":"page","link":"https:\/\/www.kindergarten-lenauweg.de\/?page_id=47","title":{"rendered":"Rundgang"},"content":{"rendered":"<p>In unseren drei Gruppen werden ca. 75 Kinder betreut. In jeder Gruppe befinden sich M\u00e4dchen und Jungs im Altern von ca. 3-6 Jahren.<\/p>\n<p><a href=\"https:\/\/www.kindergarten-lenauweg.de\/?attachment_id=273\" rel=\"attachment wp-att-273\"><img loading=\"lazy\" decoding=\"async\" class=\"alignright size-medium wp-image-273\" src=\"https:\/\/www.kindergarten-lenauweg.de\/wp-content\/uploads\/2014\/09\/IMG_1079-300x200.jpg\" alt=\"\" width=\"300\" height=\"200\" srcset=\"https:\/\/www.kindergarten-lenauweg.de\/wp-content\/uploads\/2014\/09\/IMG_1079-300x200.jpg 300w, https:\/\/www.kindergarten-lenauweg.de\/wp-content\/uploads\/2014\/09\/IMG_1079-1024x683.jpg 1024w, https:\/\/www.kindergarten-lenauweg.de\/wp-content\/uploads\/2014\/09\/IMG_1079-449x300.jpg 449w\" sizes=\"auto, (max-width: 300px) 100vw, 300px\" \/><\/a>Das Herzst\u00fcck unseres Kindergartens sind drei ger\u00e4umige und sch\u00f6n ausgestattete Gruppenr\u00e4ume, die f\u00fcr unsere Rotschw\u00e4nzchen-, Blaumeisen- und Spatzenkinder ein Ort des Spielens und der Gemeinschaft sind.<\/p>\n<p>Jeder Gruppenraum verf\u00fcgt \u00fcber einen Kreativbereich,<\/p>\n<p><a href=\"https:\/\/www.kindergarten-lenauweg.de\/wp-content\/uploads\/2014\/09\/IMG_9468.jpg\"><img loading=\"lazy\" decoding=\"async\" class=\"wp-image-287 aligncenter\" src=\"https:\/\/www.kindergarten-lenauweg.de\/wp-content\/uploads\/2014\/09\/IMG_9468-300x199.jpg\" alt=\"IMG_9468\" width=\"286\" height=\"190\" srcset=\"https:\/\/www.kindergarten-lenauweg.de\/wp-content\/uploads\/2014\/09\/IMG_9468-300x199.jpg 300w, https:\/\/www.kindergarten-lenauweg.de\/wp-content\/uploads\/2014\/09\/IMG_9468-1024x681.jpg 1024w, https:\/\/www.kindergarten-lenauweg.de\/wp-content\/uploads\/2014\/09\/IMG_9468-450x300.jpg 450w, https:\/\/www.kindergarten-lenauweg.de\/wp-content\/uploads\/2014\/09\/IMG_9468.jpg 1936w\" sizes=\"auto, (max-width: 286px) 100vw, 286px\" \/><\/a>eine Bauecke, eine Leseecke, einen Fr\u00fchst\u00fccksbereich und Tische zum Spielen. Regale mit vielf\u00e4ltigem Material begrenzen einzelne Bereiche.<\/p>\n<p><a href=\"https:\/\/www.kindergarten-lenauweg.de\/?attachment_id=285\" rel=\"attachment wp-att-285\"><img loading=\"lazy\" decoding=\"async\" class=\"alignright size-medium wp-image-285\" src=\"https:\/\/www.kindergarten-lenauweg.de\/wp-content\/uploads\/2014\/09\/IMG_9465-300x199.jpg\" alt=\"\" width=\"300\" height=\"199\" srcset=\"https:\/\/www.kindergarten-lenauweg.de\/wp-content\/uploads\/2014\/09\/IMG_9465-300x199.jpg 300w, https:\/\/www.kindergarten-lenauweg.de\/wp-content\/uploads\/2014\/09\/IMG_9465-1024x681.jpg 1024w, https:\/\/www.kindergarten-lenauweg.de\/wp-content\/uploads\/2014\/09\/IMG_9465-450x300.jpg 450w, https:\/\/www.kindergarten-lenauweg.de\/wp-content\/uploads\/2014\/09\/IMG_9465.jpg 1936w\" sizes=\"auto, (max-width: 300px) 100vw, 300px\" \/><\/a>Der Rollenspielbereich, den meisten als \u201ePuppenecke\u201c bekannt ist befindet sich auf einer Hochebene. Auf einer Zwischenebene ist noch eine Spielecke mit variablem Spielangebot zu entdecken<\/p>\n<p style=\"text-align: left;\"><a href=\"https:\/\/www.kindergarten-lenauweg.de\/?attachment_id=260\" rel=\"attachment wp-att-260\"><img loading=\"lazy\" decoding=\"async\" class=\"size-medium wp-image-260 alignnone alignleft\" src=\"https:\/\/www.kindergarten-lenauweg.de\/wp-content\/uploads\/2014\/09\/IMG_1066-300x200.jpg\" alt=\"\" width=\"300\" height=\"200\" srcset=\"https:\/\/www.kindergarten-lenauweg.de\/wp-content\/uploads\/2014\/09\/IMG_1066-300x200.jpg 300w, https:\/\/www.kindergarten-lenauweg.de\/wp-content\/uploads\/2014\/09\/IMG_1066-1024x683.jpg 1024w, https:\/\/www.kindergarten-lenauweg.de\/wp-content\/uploads\/2014\/09\/IMG_1066-449x300.jpg 449w\" sizes=\"auto, (max-width: 300px) 100vw, 300px\" \/><\/a><\/p>\n<p>\u00a0<\/p>\n<p style=\"text-align: right;\">Zwischen den Gruppenr\u00e4umen befinden sich noch zwei kleinere R\u00e4ume. In dem einen befindet sich eine Werkbank und in dem anderen eine Kinderk\u00fcche. Diese beiden R\u00e4ume werden f\u00fcr die Arbeit in Kleingruppen genutzt.<\/p>\n<p style=\"text-align: left;\"><a href=\"https:\/\/www.kindergarten-lenauweg.de\/?attachment_id=283\" rel=\"attachment wp-att-283\"><img loading=\"lazy\" decoding=\"async\" class=\"alignright size-medium wp-image-283\" src=\"https:\/\/www.kindergarten-lenauweg.de\/wp-content\/uploads\/2014\/09\/IMG_9458-300x199.jpg\" alt=\"\" width=\"300\" height=\"199\" srcset=\"https:\/\/www.kindergarten-lenauweg.de\/wp-content\/uploads\/2014\/09\/IMG_9458-300x199.jpg 300w, https:\/\/www.kindergarten-lenauweg.de\/wp-content\/uploads\/2014\/09\/IMG_9458-1024x681.jpg 1024w, https:\/\/www.kindergarten-lenauweg.de\/wp-content\/uploads\/2014\/09\/IMG_9458-450x300.jpg 450w, https:\/\/www.kindergarten-lenauweg.de\/wp-content\/uploads\/2014\/09\/IMG_9458.jpg 1936w\" sizes=\"auto, (max-width: 300px) 100vw, 300px\" \/><\/a><\/p>\n<p>\u00a0<\/p>\n<p style=\"text-align: left;\">Der Turnraum l\u00e4dt zum Toben und Klettern ein und ist auch Treffpunkt bei gemeinsamen Aktionen und dem Kindergartengottesdienst.<\/p>\n<p>\u00dcber den Garderobenbereich gelangen die Kinder in die Waschr\u00e4ume.<a href=\"https:\/\/www.kindergarten-lenauweg.de\/?attachment_id=277\" rel=\"attachment wp-att-277\"><img loading=\"lazy\" decoding=\"async\" class=\"wp-image-277 aligncenter\" src=\"https:\/\/www.kindergarten-lenauweg.de\/wp-content\/uploads\/2014\/09\/IMG_1086-300x200.jpg\" alt=\"\" width=\"261\" height=\"174\" srcset=\"https:\/\/www.kindergarten-lenauweg.de\/wp-content\/uploads\/2014\/09\/IMG_1086-300x200.jpg 300w, https:\/\/www.kindergarten-lenauweg.de\/wp-content\/uploads\/2014\/09\/IMG_1086-1024x683.jpg 1024w, https:\/\/www.kindergarten-lenauweg.de\/wp-content\/uploads\/2014\/09\/IMG_1086-449x300.jpg 449w\" sizes=\"auto, (max-width: 261px) 100vw, 261px\" \/><\/a><a href=\"https:\/\/www.kindergarten-lenauweg.de\/?attachment_id=276\" rel=\"attachment wp-att-276\"><img loading=\"lazy\" decoding=\"async\" class=\"wp-image-276 alignleft\" src=\"https:\/\/www.kindergarten-lenauweg.de\/wp-content\/uploads\/2014\/09\/IMG_1084-300x200.jpg\" alt=\"\" width=\"267\" height=\"178\" srcset=\"https:\/\/www.kindergarten-lenauweg.de\/wp-content\/uploads\/2014\/09\/IMG_1084-300x200.jpg 300w, https:\/\/www.kindergarten-lenauweg.de\/wp-content\/uploads\/2014\/09\/IMG_1084-1024x683.jpg 1024w, https:\/\/www.kindergarten-lenauweg.de\/wp-content\/uploads\/2014\/09\/IMG_1084-449x300.jpg 449w\" sizes=\"auto, (max-width: 267px) 100vw, 267px\" \/><\/a><\/p>\n<p>Zus\u00e4tzlich gibt es noch ein B\u00fcro, einen Putzraum, ein Personalzimmer, einen Materialraum und eine Gemeinschaftsk\u00fcche.<\/p>\n<p>\u00a0<\/p>\n<p style=\"text-align: left;\">Direkt an den Kindergarten angebaut ist das evangelische Gemeindezentrum Lenauweg.<br \/>Den gro\u00dfen, sch\u00f6nen Saal k\u00f6nnen wir f\u00fcr Elternabende und Veranstaltungen nutzen.<\/p>\n<hr \/>\n<h4>Au\u00dfenanlage<\/h4>\n<p><a href=\"https:\/\/www.kindergarten-lenauweg.de\/?attachment_id=278\" rel=\"attachment wp-att-278\"><img loading=\"lazy\" decoding=\"async\" class=\"alignright size-medium wp-image-278\" src=\"https:\/\/www.kindergarten-lenauweg.de\/wp-content\/uploads\/2014\/09\/IMG_1088-300x200.jpg\" alt=\"\" width=\"300\" height=\"200\" srcset=\"https:\/\/www.kindergarten-lenauweg.de\/wp-content\/uploads\/2014\/09\/IMG_1088-300x200.jpg 300w, https:\/\/www.kindergarten-lenauweg.de\/wp-content\/uploads\/2014\/09\/IMG_1088-1024x683.jpg 1024w, https:\/\/www.kindergarten-lenauweg.de\/wp-content\/uploads\/2014\/09\/IMG_1088-449x300.jpg 449w\" sizes=\"auto, (max-width: 300px) 100vw, 300px\" \/><\/a>Der Au\u00dfenbereich ist naturnah angelegt mit Kr\u00e4uter- und Blumenbeeten, einem gro\u00dfen Sandbereich mit Rutsche, einer Wiese mit einem Steinkreis als Treffpunkt und einer Gartenhalle.<\/p>\n<p><a href=\"https:\/\/www.kindergarten-lenauweg.de\/?attachment_id=288\" rel=\"attachment wp-att-288\"><img loading=\"lazy\" decoding=\"async\" class=\"size-medium wp-image-288 alignnone\" src=\"https:\/\/www.kindergarten-lenauweg.de\/wp-content\/uploads\/2014\/09\/P1040228-300x200.jpg\" alt=\"\" width=\"300\" height=\"200\" srcset=\"https:\/\/www.kindergarten-lenauweg.de\/wp-content\/uploads\/2014\/09\/P1040228-300x200.jpg 300w, https:\/\/www.kindergarten-lenauweg.de\/wp-content\/uploads\/2014\/09\/P1040228-449x300.jpg 449w, https:\/\/www.kindergarten-lenauweg.de\/wp-content\/uploads\/2014\/09\/P1040228.jpg 1024w\" sizes=\"auto, (max-width: 300px) 100vw, 300px\" \/><\/a><\/p>\n<p>Die H\u00e4ngematte animiert zum gem\u00fctlich-fr\u00f6hlichem Schaukeln mit den Freunden. F\u00fcr die ausgiebige Besch\u00e4ftigung mit dem nassen Elementen ist unsere Wasserspielanlage im hinteren Teil des Gartens bestens geeignet.<\/p>\n\n\n<p><\/p>\n","protected":false},"excerpt":{"rendered":"<p>In unseren drei Gruppen werden ca. 75 Kinder betreut. In jeder Gruppe befinden sich M\u00e4dchen und Jungs im Altern von ca. 3-6 Jahren. Das Herzst\u00fcck unseres Kindergartens sind drei ger\u00e4umige und sch\u00f6n ausgestattete Gruppenr\u00e4ume, die f\u00fcr unsere Rotschw\u00e4nzchen-, Blaumeisen- und Spatzenkinder ein Ort des Spielens und der Gemeinschaft sind. Jeder Gruppenraum verf\u00fcgt \u00fcber einen Kreativbereich, &hellip; <a href=\"https:\/\/www.kindergarten-lenauweg.de\/?page_id=47\" class=\"more-link\"><span class=\"screen-reader-text\">Rundgang<\/span> weiterlesen <span class=\"meta-nav\">&rarr;<\/span><\/a><\/p>\n","protected":false},"author":1,"featured_media":0,"parent":22,"menu_order":3,"comment_status":"closed","ping_status":"open","template":"","meta":{"footnotes":""},"class_list":["post-47","page","type-page","status-publish","hentry"],"_links":{"self":[{"href":"https:\/\/www.kindergarten-lenauweg.de\/index.php?rest_route=\/wp\/v2\/pages\/47","targetHints":{"allow":["GET"]}}],"collection":[{"href":"https:\/\/www.kindergarten-lenauweg.de\/index.php?rest_route=\/wp\/v2\/pages"}],"about":[{"href":"https:\/\/www.kindergarten-lenauweg.de\/index.php?rest_route=\/wp\/v2\/types\/page"}],"author":[{"embeddable":true,"href":"https:\/\/www.kindergarten-lenauweg.de\/index.php?rest_route=\/wp\/v2\/users\/1"}],"replies":[{"embeddable":true,"href":"https:\/\/www.kindergarten-lenauweg.de\/index.php?rest_route=%2Fwp%2Fv2%2Fcomments&post=47"}],"version-history":[{"count":24,"href":"https:\/\/www.kindergarten-lenauweg.de\/index.php?rest_route=\/wp\/v2\/pages\/47\/revisions"}],"predecessor-version":[{"id":1341,"href":"https:\/\/www.kindergarten-lenauweg.de\/index.php?rest_route=\/wp\/v2\/pages\/47\/revisions\/1341"}],"up":[{"embeddable":true,"href":"https:\/\/www.kindergarten-lenauweg.de\/index.php?rest_route=\/wp\/v2\/pages\/22"}],"wp:attachment":[{"href":"https:\/\/www.kindergarten-lenauweg.de\/index.php?rest_route=%2Fwp%2Fv2%2Fmedia&parent=47"}],"curies":[{"name":"wp","href":"https:\/\/api.w.org\/{rel}","templated":true}]}}