{"id":45,"date":"2014-05-29T16:53:37","date_gmt":"2014-05-29T14:53:37","guid":{"rendered":"http:\/\/www.kindergarten-lenauweg.de\/?page_id=45"},"modified":"2026-07-30T13:11:26","modified_gmt":"2026-07-30T11:11:26","slug":"personal","status":"publish","type":"page","link":"https:\/\/www.kindergarten-lenauweg.de\/?page_id=45","title":{"rendered":"Personal"},"content":{"rendered":"<p>Unser Team besteht aus p\u00e4dagogischen Fach- und Erg\u00e4nzungskr\u00e4ften, die entsprechend ihrer Ausbildung, Kompetenzen und Neigungen in den verschiedenen Gruppen eingesetzt sind. Die Anzahl des Betreuungspersonals ist abh\u00e4ngig von den zu betreuenden Kindern.<\/p>\n<hr \/>\n<p><strong>Aktuelle Personalsituation:<\/strong><\/p>\n<p>Rotschw\u00e4nzchengruppe:<\/p>\n<ul>\n<li>1 p\u00e4dagogische Fachkraft (Gruppenleitung)<\/li>\n<li>1 p\u00e4dagogische Fachkraft in Teilzeit<\/li>\n<li>1 p\u00e4dagogische Erg\u00e4nzungskraft<\/li>\n<\/ul>\n<p>Blaumeisengruppe:<\/p>\n<ul>\n<li>1 p\u00e4dagogische Fachkraft (Gruppenleitung)<\/li>\n<li>1 p\u00e4dagogische Fachkraft in Teilzeit\u00a0<\/li>\n<li>1 p\u00e4dagogische Erg\u00e4nzungskraft<\/li>\n<\/ul>\n<p>Spatzengruppe:<\/p>\n<ul>\n<li>1 p\u00e4dagogische Fachkraft (Gruppenleitung)<\/li>\n<li>1 p\u00e4dagogische Fachkraft in Teilzeit\u00a0<\/li>\n<li>2 p\u00e4dagogische Erg\u00e4nzungskr\u00e4fte<\/li>\n<\/ul>\n<p>Hauswirtschaftliches- Technisches Personal<\/p>\n<ul>\n<li>1 Reinigungskraft<\/li>\n<li>1 Hausmeister und G\u00e4rtner<\/li>\n<\/ul>\n\n<p><\/p><!-- \/wp:post-content -->","protected":false},"excerpt":{"rendered":"<p>Unser Team besteht aus p\u00e4dagogischen Fach- und Erg\u00e4nzungskr\u00e4ften, die entsprechend ihrer Ausbildung, Kompetenzen und Neigungen in den verschiedenen Gruppen eingesetzt sind. Die Anzahl des Betreuungspersonals ist abh\u00e4ngig von den zu betreuenden Kindern. Aktuelle Personalsituation: Rotschw\u00e4nzchengruppe: 1 p\u00e4dagogische Fachkraft (Gruppenleitung) 1 p\u00e4dagogische Fachkraft in Teilzeit 1 p\u00e4dagogische Erg\u00e4nzungskraft Blaumeisengruppe: 1 p\u00e4dagogische Fachkraft (Gruppenleitung) 1 p\u00e4dagogische Fachkraft &hellip; <a href=\"https:\/\/www.kindergarten-lenauweg.de\/?page_id=45\" class=\"more-link\"><span class=\"screen-reader-text\">Personal<\/span> weiterlesen <span class=\"meta-nav\">&rarr;<\/span><\/a><\/p>\n","protected":false},"author":1,"featured_media":0,"parent":22,"menu_order":2,"comment_status":"closed","ping_status":"open","template":"","meta":{"footnotes":""},"class_list":["post-45","page","type-page","status-publish","hentry"],"_links":{"self":[{"href":"https:\/\/www.kindergarten-lenauweg.de\/index.php?rest_route=\/wp\/v2\/pages\/45","targetHints":{"allow":["GET"]}}],"collection":[{"href":"https:\/\/www.kindergarten-lenauweg.de\/index.php?rest_route=\/wp\/v2\/pages"}],"about":[{"href":"https:\/\/www.kindergarten-lenauweg.de\/index.php?rest_route=\/wp\/v2\/types\/page"}],"author":[{"embeddable":true,"href":"https:\/\/www.kindergarten-lenauweg.de\/index.php?rest_route=\/wp\/v2\/users\/1"}],"replies":[{"embeddable":true,"href":"https:\/\/www.kindergarten-lenauweg.de\/index.php?rest_route=%2Fwp%2Fv2%2Fcomments&post=45"}],"version-history":[{"count":13,"href":"https:\/\/www.kindergarten-lenauweg.de\/index.php?rest_route=\/wp\/v2\/pages\/45\/revisions"}],"predecessor-version":[{"id":1501,"href":"https:\/\/www.kindergarten-lenauweg.de\/index.php?rest_route=\/wp\/v2\/pages\/45\/revisions\/1501"}],"up":[{"embeddable":true,"href":"https:\/\/www.kindergarten-lenauweg.de\/index.php?rest_route=\/wp\/v2\/pages\/22"}],"wp:attachment":[{"href":"https:\/\/www.kindergarten-lenauweg.de\/index.php?rest_route=%2Fwp%2Fv2%2Fmedia&parent=45"}],"curies":[{"name":"wp","href":"https:\/\/api.w.org\/{rel}","templated":true}]}}

<p>Unser Team besteht aus pädagogischen Fach- und Ergänzungskräften, die entsprechend ihrer Ausbildung, Kompetenzen und Neigungen in den verschiedenen Gruppen eingesetzt sind. Die Anzahl des Betreuungspersonals ist abhängig von den zu betreuenden Kindern.</p>
<hr />
<p><strong>Aktuelle Personalsituation:</strong></p>
<p>Rotschwänzchengruppe:</p>
<ul>
<li>1 pädagogische Fachkraft (Gruppenleitung)</li>
<li>1 pädagogische Fachkraft in Teilzeit</li>
<li>1 pädagogische Ergänzungskraft</li>
</ul>
<p>Blaumeisengruppe:</p>
<ul>
<li>1 pädagogische Fachkraft (Gruppenleitung)</li>
<li>1 pädagogische Fachkraft in Teilzeit </li>
<li>1 pädagogische Ergänzungskraft</li>
</ul>
<p>Spatzengruppe:</p>
<ul>
<li>1 pädagogische Fachkraft (Gruppenleitung)</li>
<li>1 pädagogische Fachkraft in Teilzeit </li>
<li>2 pädagogische Ergänzungskräfte</li>
</ul>
<p>Hauswirtschaftliches- Technisches Personal</p>
<ul>
<li>1 Reinigungskraft</li>
<li>1 Hausmeister und Gärtner</li>
</ul>

<p></p><!-- /wp:post-content -->

<p>Unser Team besteht aus pädagogischen Fach- und Ergänzungskräften, die entsprechend ihrer Ausbildung, Kompetenzen und Neigungen in den verschiedenen Gruppen eingesetzt sind. Die Anzahl des Betreuungspersonals ist abhängig von den zu betreuenden Kindern. Aktuelle Personalsituation: Rotschwänzchengruppe: 1 pädagogische Fachkraft (Gruppenleitung) 1 pädagogische Fachkraft in Teilzeit 1 pädagogische Ergänzungskraft Blaumeisengruppe: 1 pädagogische Fachkraft (Gruppenleitung) 1 pädagogische Fachkraft &hellip; <a href="https://www.kindergarten-lenauweg.de/?page_id=45" class="more-link"><span class="screen-reader-text">Personal</span> weiterlesen <span class="meta-nav">&rarr;</span></a></p>
