{"id":39,"date":"2014-05-29T16:52:19","date_gmt":"2014-05-29T14:52:19","guid":{"rendered":"http:\/\/www.kindergarten-lenauweg.de\/?page_id=39"},"modified":"2014-06-17T18:33:12","modified_gmt":"2014-06-17T16:33:12","slug":"gesetzliche-grundlage","status":"publish","type":"page","link":"https:\/\/www.kindergarten-lenauweg.de\/?page_id=39","title":{"rendered":"Gesetzliche Grundlage"},"content":{"rendered":"<p>Die Grundlagen unserer p\u00e4dagogischen Arbeit basieren auf dem Bayerischen Bildungs- und Erziehungsplan. Er ist eine Art Leitfaden f\u00fcr die F\u00f6rderung der fr\u00fchkindlichen Lern- und Entwicklungsprozesse. Er dient als Orientierungshilfe und l\u00e4sst Freir\u00e4ume f\u00fcr die Lebenssituation der Kinder sowie die Erzieherpers\u00f6nlichkeiten.<br \/>\nGesetzliche Grundlage ist das Bayerische Kindergartengesetz, das Rechte, Gesetze und Pflichten der umfassenden Arbeit in Kindertageseinrichtungen regelt.<\/p>\n","protected":false},"excerpt":{"rendered":"<p>Die Grundlagen unserer p\u00e4dagogischen Arbeit basieren auf dem Bayerischen Bildungs- und Erziehungsplan. Er ist eine Art Leitfaden f\u00fcr die F\u00f6rderung der fr\u00fchkindlichen Lern- und Entwicklungsprozesse. Er dient als Orientierungshilfe und l\u00e4sst Freir\u00e4ume f\u00fcr die Lebenssituation der Kinder sowie die Erzieherpers\u00f6nlichkeiten. Gesetzliche Grundlage ist das Bayerische Kindergartengesetz, das Rechte, Gesetze und Pflichten der umfassenden Arbeit in &hellip; <a href=\"https:\/\/www.kindergarten-lenauweg.de\/?page_id=39\" class=\"more-link\"><span class=\"screen-reader-text\">Gesetzliche Grundlage<\/span> weiterlesen <span class=\"meta-nav\">&rarr;<\/span><\/a><\/p>\n","protected":false},"author":1,"featured_media":0,"parent":20,"menu_order":0,"comment_status":"closed","ping_status":"open","template":"","meta":{"footnotes":""},"class_list":["post-39","page","type-page","status-publish","hentry"],"_links":{"self":[{"href":"https:\/\/www.kindergarten-lenauweg.de\/index.php?rest_route=\/wp\/v2\/pages\/39","targetHints":{"allow":["GET"]}}],"collection":[{"href":"https:\/\/www.kindergarten-lenauweg.de\/index.php?rest_route=\/wp\/v2\/pages"}],"about":[{"href":"https:\/\/www.kindergarten-lenauweg.de\/index.php?rest_route=\/wp\/v2\/types\/page"}],"author":[{"embeddable":true,"href":"https:\/\/www.kindergarten-lenauweg.de\/index.php?rest_route=\/wp\/v2\/users\/1"}],"replies":[{"embeddable":true,"href":"https:\/\/www.kindergarten-lenauweg.de\/index.php?rest_route=%2Fwp%2Fv2%2Fcomments&post=39"}],"version-history":[{"count":3,"href":"https:\/\/www.kindergarten-lenauweg.de\/index.php?rest_route=\/wp\/v2\/pages\/39\/revisions"}],"predecessor-version":[{"id":187,"href":"https:\/\/www.kindergarten-lenauweg.de\/index.php?rest_route=\/wp\/v2\/pages\/39\/revisions\/187"}],"up":[{"embeddable":true,"href":"https:\/\/www.kindergarten-lenauweg.de\/index.php?rest_route=\/wp\/v2\/pages\/20"}],"wp:attachment":[{"href":"https:\/\/www.kindergarten-lenauweg.de\/index.php?rest_route=%2Fwp%2Fv2%2Fmedia&parent=39"}],"curies":[{"name":"wp","href":"https:\/\/api.w.org\/{rel}","templated":true}]}}